base 8, what is -75 + -12?
-107
In base 2, what is 10101010 - -100?
10101110
In base 15, what is -3 + -35?
-38
In base 15, what is -11e - 4?
-123
In base 13, what is 1268 - 5?
1263
In base 15, what is -1 + -ba?
-bb
In base 13, what is -5 + -16?
-1b
In base 11, what is 9 + -13?
-5
In base 5, what is 30320 + 2?
30322
In base 12, what is 5 + a?
13
In base 8, what is -3 - -36?
33
In base 6, what is -2031 + 4?
-2023
In base 6, what is -5145 - 11?
-5200
In base 6, what is 10 - 224?
-214
In base 15, what is -65d + -2?
-660
In base 6, what is 124 + -334?
-210
In base 12, what is 0 - 14?
-14
In base 16, what is 1 + 1?
2
In base 15, what is 1 + 1e2?
1e3
In base 14, what is -8 - 9?
-13
In base 9, what is 2 + -113?
-111
In base 6, what is -23 + -1401?
-1424
In base 4, what is 3 + -20233?
-20230
In base 9, what is -31247 + 4?
-31243
In base 8, what is 22310 - 3?
22305
In base 5, what is -104 - -3?
-101
In base 15, what is 2661 - 0?
2661
In base 3, what is -1100201 + 122?
-1100002
In base 14, what is 43 - -15b?
1a0
In base 14, what is 1 + 16d?
170
In base 12, what is -32 - -2?
-30
In base 16, what is -28 + -165?
-18d
In base 3, what is -11222 - -2?
-11220
In base 7, what is 1 - -1053?
1054
In base 11, what is -5 - 56?
-60
In base 7, what is -3 + -31266?
-31302
In base 12, what is 0 + 688?
688
In base 11, what is -428 + 5?
-423
In base 7, what is 13466 - 2?
13464
In base 5, what is 4 + 213?
222
In base 16, what is 570 + 3?
573
In base 3, what is 100 - 100121?
-100021
In base 16, what is 4 - 50?
-4c
In base 7, what is 1401 + 0?
1401
In base 16, what is 6 - -11?
17
In base 16, what is 464 + -4?
460
In base 2, what is -11 + -10000001?
-10000100
In base 14, what is 4 - 73?
-6d
In base 15, what is c + d4?
e1
In base 3, what is -220022 + 10?
-220012
In base 14, what is -8 - -1c?
14
In base 14, what is -61 + 2?
-5d
In base 16, what is -2 + 53?
51
In base 12, what is 16aa + 3?
16b1
In base 5, what is -2240 - 10?
-2300
In base 2, what is -11110100100001 - -11?
-11110100011110
In base 14, what is -1a1 - -2?
-19d
In base 15, what is -3 + 33?
30
In base 15, what is -152 - 4?
-156
In base 2, what is -1000 + -1100000?
-1101000
In base 15, what is -12 + -63?
-75
In base 16, what is -65 + 8?
-5d
In base 12, what is b - 32?
-23
In base 9, what is 2858 - 3?
2855
In base 5, what is -12004 - 11?
-12020
In base 11, what is -2 - 2444?
-2446
In base 3, what is 20020 - 2?
20011
In base 16, what is 662 - 2?
660
In base 11, what is 32 - -4?
36
In base 3, what is -20 + 11101?
11011
In base 11, what is 41 - 5?
37
In base 16, what is 10c + -9?
103
In base 16, what is -f - 30?
-3f
In base 13, what is -1528 + 4?
-1524
In base 15, what is -a + -135?
-140
In base 13, what is 145 + -3?
142
In base 8, what is 3 + 2?
5
In base 5, what is -201 - 1?
-202
In base 13, what is -2 + 476?
474
In base 15, what is d + 1?
e
In base 11, what is 121 + 5?
126
In base 9, what is 21342 - 0?
21342
In base 8, what is 32 + -1401?
-1347
In base 2, what is 11011000 + 11?
11011011
In base 7, what is 2042 - -5?
2050
In base 10, what is 9 - -3?
12
In base 5, what is 31 + 3?
34
In base 7, what is 31252 - -3?
31255
In base 4, what is 1010 + -1?
1003
In base 15, what is 5 + -1e1?
-1db
In base 12, what is -10 + -14?
-24
In base 13, what is -3b - -3?
-38
In base 7, what is 145 + -101?
44
In base 6, what is -13 - 1?
-14
In base 16, what is 2397 + 3?
239a
In base 8, what is -17 - -3?
-14
In base 3, what is -2020222 - 0?
-2020222
In base 11, what is 14 + -293?
-27a
In base 6, what is -212 + 4?
-204
In base 8, what is 4 - -117?
123
In base 3, what is 1 + -2210?
-2202
In base 8, what is 641 + -5?
634
In base 2, what is 101100101 + -11010?
101001011
In base 7, what is 20 - 3150?
-3130
In base 3, what is 222 - -12122?
20121
In base 15, what is 17 + ce?
e6
In base 15, what is 7a - 12?
68
In base 6, what is -13 - 321?
-334
In base 11, what is -4 - 3a?
-43
In base 10, what is -4 - -1133?
1129
In base 10, what is -5 + -537?
-542
In base 2, what is 1001101110 + -11110?
1001010000
In base 3, what is 22 - 120122?
-120100
In base 7, what is -6150 + -5?
-6155
In base 14, what is -477a + -3?
-477d
In base 11, what is -3 + -2132?
-2135
In base 14, what is 8a - -1b?
a7
In base 3, what is -12200 + 1?
-12122
In base 7, what is -5 + 14?
6
In base 7, what is 1 - -4102?
4103
In base 14, what is -1c - -19?
-3
In base 15, what is -2 + -3e9?
-3eb
In base 13, what is 1 - 829?
-828
In base 12, what is 2 + -351?
-34b
In base 4, what is -3 + 12?
3
In base 2, what is -101100110 + -100?
-101101010
In base 13, what is 0 - -254?
254
In base 15, what is 0 - -21?
21
In base 11, what is 20 + -a5?
-85
In base 3, what is -221122 + -20?
-221212
In base 2, what is -1 + 1000011000010?
1000011000001
In base 15, what is -4 + b?
7
In base 16, what is 6 + -7bb?
-7b5
In base 8, what is -7 + -4726?
-4735
In base 11, what is 23 - 30?
-8
In base 6, what is -1454 - -244?
-1210
In base 12, what is 31 - -84?
b5
In base 8, what is -4 - -161?
155
In base 12, what is 14a + -4?
146
In base 8, what is -3 - 236?
-241
In base 7, what is -5014 - -4?
-5010
In base 11, what is -11 - -403?
3a2
In base 12, what is -811 + 0?
-811
In base 10, what is -4 - 138?
-142
In base 11, what is 1771 + -5?
1767
In base 8, what is -2 - 1602?
-1604
In base 15, what is b8 - -3?
bb
In base 5, what is 0 - -342?
342
In base 3, what is 11 + -1122111?
-1122100
In base 13, what is 6 - -679?
682
In base 6, what is 22 + 442?
504
In base 12, what is -64 + 5?
-5b
In base 15, what is 79c + a?
7a7
In base 9, what is -2580 + -4?
-2584
In base 10, what is -5755 - 2?
-5757
In base 7, what is 5 + 15?
23
In base 9, what is -554 - 0?
-554
In base 5, what is -1 - -300?
244
In base 8, what is 36 - -225?
263
In base 6, what is 133 - -222?
355
In base 16, what is 0 + 6e?
6e
In base 14, what is -5 + -487?
-48c
In base 5, what is 0 - 1231?
-1231
In base 13, what is -413 + 0?
-413
In base 4, what is -3 - 233?
-302
In base 7, what is -65 - 31?
-126
In base 3, what is 2022 + -110?
1212
In base 6, what is 13 - -51?
104
In base 3, what is -2001 + -2?
-2010
In base 15, what is -333 + -15?
-348
In base 3, what is 2 - 1000211?
-1000202
In base 10, what is -825 + -3?
-828
In base 2, what is -111100111011 - -11?
-111100111000
In base 13, what is -4 + 17?
13
In base 6, what is 2 - 211?
-205
In base 9, what is 7828 - -5?
7834
In base 10, what is -2 - 28?
-30
In base 16, what is 4 - -152?
156
In base 13, what is 56 + -23?
33
In base 4, what is 13 + 2?
21
In base 9, what is 2278 + 4?
2283
In base 9, what is -355 - -3?
-352
In base 7, what is 15 + -5?
10
In base 13, what is -5 - -3?
-2
In base 4, what is -1 + 1212002?
1212001
In base 15, what is -9 - -6?
-3
In base 9, what is 37 - -1?
38
In base 13, what is -5 - b59?
-b61
In base 10, what is 5 + -987?
-982
In base 11, what is -1 - -75?
74
In base 15, what is 4c5 + 3?
4c8
In base 4, what is 32 + 2?
100
In base 6, what is 0 + 114?
114
In base 2, what is -100 - -1100000111011?
1100000110111
In base 14, what is -14ab + 4?
-14a7
In base 3, what is -1200 - -10?
-1120
In base 11, what is 5 - 80?
-76
In base 12, what is -15 - -a?
-7
In base 9, what is 8668 - 4?
8664
In base 14, what is 3 + -522?
-51d
In base 15, what is 0 + -6d?
-6d
In base 11, what is 51 + -181?
-130
In base 5, what is -14 + -1340?
-1404
In base 11, what is 230 - -4?
234
In base 2, what is -10 + -100110?
-101000
In base 2, what is -11111010000 + 1?
-11111001111
In base 2, what is -1 + -101010111?
-101011000
In base 14, what is 223 + 3?
226
In base 4, what is -211322 - -2?
-211320
In base 10, what is -2 - -3825?
3823
In base 15, what is 14 - 5e?
-4a
In base 15, what is 3 + 4?
7
In base 5, what is -110 + -20?
-130
In base 10, what is 1 - 1963?
-1962
In base 2, what is 10 - 1100011?
-1100001
In base 4, what is -10 - -213?
203
In base 16, what is -2 - 62?
-64
In base 5, what is -1 + -141?
-142
In base 8, what is -1420 - 1?
-1421
In base 10, what is -12 - -28?
16
In base 5, what is -103200 - 4?
-103204
In base 3, what is 0 + 2221?
2221
In base 4, what is 202 + 1?
203
In base 14, what is 1 - -299?
29a
In base 12, what is -7 - -589?
582
In base 9, what is -3 - -10?
6
In base 13, what is 18a3 + 3?
18a6
In base 2, what is 0 + -110110110?
-110110110
In base 8, what is -110 + 66?
-22
In base 10, what is -2 + -48?
-50
In base 8, what is